of 12 and 5052?
12
Calculate the greatest common factor of 114724 and 736.
92
What is the highest common factor of 313 and 512381?
313
Calculate the highest common factor of 6849517 and 929.
929
Calculate the highest common divisor of 352632 and 7.
7
What is the greatest common factor of 58 and 271382?
58
Calculate the highest common factor of 52944 and 2096.
16
What is the highest common divisor of 3249 and 85918?
361
What is the greatest common divisor of 1209 and 20839?
13
Calculate the greatest common divisor of 104599 and 352.
11
What is the greatest common factor of 64159 and 83?
83
What is the greatest common divisor of 98 and 65954?
98
Calculate the greatest common factor of 25004 and 9652.
76
Calculate the highest common factor of 132702 and 102.
102
Calculate the greatest common divisor of 3377 and 616.
11
Calculate the highest common factor of 264684 and 228.
12
Calculate the highest common divisor of 141444 and 135.
9
Calculate the highest common factor of 37452 and 12.
12
Calculate the highest common factor of 20532 and 2242.
118
Calculate the greatest common factor of 24444 and 4462.
194
What is the greatest common factor of 11782 and 23091?
43
What is the greatest common factor of 750 and 5721?
3
Calculate the highest common divisor of 2475315 and 1675.
335
Calculate the greatest common divisor of 1672660 and 60.
20
Calculate the highest common divisor of 1687199 and 11389.
1627
Calculate the highest common divisor of 30483 and 59837.
1129
What is the greatest common factor of 5 and 113396?
1
What is the highest common divisor of 11237 and 1819?
17
Calculate the greatest common factor of 450 and 1225.
25
Calculate the greatest common factor of 1582710 and 60.
30
Calculate the highest common divisor of 49097 and 203.
29
What is the greatest common divisor of 164348 and 7264?
908
Calculate the highest common divisor of 94976 and 76426.
742
What is the highest common divisor of 112 and 1108?
4
Calculate the highest common divisor of 228 and 715578.
114
Calculate the greatest common factor of 8446 and 3526.
82
What is the highest common divisor of 33034 and 51294?
166
Calculate the greatest common factor of 103168 and 2080.
416
What is the highest common factor of 432 and 108848?
16
Calculate the greatest common factor of 6244368 and 2496.
624
What is the greatest common factor of 4455 and 1683?
99
What is the greatest common factor of 297 and 301686?
33
Calculate the highest common factor of 235654 and 34.
34
Calculate the highest common divisor of 1 and 1773.
1
What is the highest common divisor of 10335 and 4992?
39
Calculate the greatest common divisor of 214583 and 1475.
59
Calculate the highest common factor of 1445 and 2465.
85
Calculate the highest common divisor of 3944 and 137156.
68
Calculate the highest common divisor of 10887 and 323.
19
Calculate the highest common factor of 237952 and 64.
64
What is the highest common divisor of 61779 and 3?
3
Calculate the greatest common factor of 35 and 76710.
5
What is the greatest common factor of 1121 and 614897?
19
Calculate the highest common factor of 930 and 56916.
186
Calculate the highest common divisor of 1521 and 66456.
117
What is the greatest common factor of 80 and 27184?
16
What is the greatest common divisor of 76 and 8873?
19
Calculate the greatest common divisor of 1621620 and 7938.
1134
Calculate the highest common factor of 3384 and 1008.
72
What is the highest common divisor of 5872 and 1101?
367
Calculate the highest common divisor of 57993 and 11232.
39
What is the highest common factor of 509 and 2334274?
509
What is the highest common factor of 541604 and 203?
203
Calculate the greatest common divisor of 310443 and 21.
21
Calculate the greatest common divisor of 19340 and 20.
20
Calculate the highest common divisor of 5284 and 48.
4
What is the greatest common divisor of 107940 and 365968?
1028
What is the greatest common divisor of 426409 and 1?
1
What is the greatest common factor of 2100 and 70500?
300
What is the greatest common factor of 19 and 15468603?
19
What is the highest common factor of 522 and 17661?
87
What is the greatest common divisor of 3154 and 89224?
38
Calculate the greatest common factor of 362617 and 113.
113
Calculate the greatest common divisor of 1023 and 97526.
341
Calculate the greatest common factor of 9675 and 560075.
1075
Calculate the highest common factor of 426 and 73130.
142
What is the greatest common divisor of 42543 and 11484?
261
Calculate the highest common divisor of 320655 and 30.
15
Calculate the highest common factor of 90 and 63738.
18
Calculate the greatest common divisor of 23364 and 1089.
99
Calculate the highest common factor of 1392 and 813392.
464
Calculate the greatest common factor of 2408 and 26789.
301
Calculate the highest common divisor of 31680 and 16440.
120
Calculate the highest common factor of 374 and 2057.
187
What is the greatest common divisor of 5787 and 843?
3
What is the greatest common divisor of 112 and 874672?
16
Calculate the highest common divisor of 260965 and 10.
5
Calculate the highest common factor of 784 and 564088.
392
Calculate the greatest common divisor of 1463 and 247114.
133
What is the greatest common divisor of 93095 and 516?
43
What is the greatest common factor of 463836 and 72?
12
Calculate the highest common factor of 13053 and 3664.
229
Calculate the greatest common divisor of 2013 and 28731.
183
What is the highest common factor of 22330 and 18970?
70
What is the highest common factor of 248 and 785788?
124
Calculate the highest common divisor of 120 and 125199.
3
Calculate the highest common divisor of 963061 and 319.
319
What is the greatest common divisor of 1463 and 1997413?
209
Calculate the greatest common factor of 59620 and 671.
11
Calculate the greatest common factor of 145122 and 11913.
1083
Calculate the greatest common factor of 8075 and 1445.
85
Calculate the greatest common divisor of 1393 and 163578.
199
What is the highest common factor of 90 and 7605?
45
What is the highest common divisor of 413 and 2758?
7
What is the highest common factor of 2184 and 11928?
168
Calculate the greatest common factor of 765676 and 536.
268
Calculate the greatest common divisor of 1295 and 5492095.
1295
Calculate the greatest common factor of 1375785 and 9675.
1935
What is the greatest common factor of 722 and 28519?
361
What is the greatest common divisor of 262 and 5975696?
262
What is the greatest common factor of 358 and 32399?
179
Calculate the highest common divisor of 3 and 1684.
1
Calculate the highest common factor of 13164 and 732.
12
Calculate the greatest common divisor of 155 and 20.
5
What is the greatest common factor of 2288 and 12056?
88
Calculate the highest common divisor of 95 and 32243.
19
Calculate the highest common factor of 21 and 11487.
21
Calculate the greatest common factor of 33121 and 11.
11
What is the greatest common factor of 3190 and 556336?
638
Calculate the highest common divisor of 126651 and 63.
21
What is the greatest common divisor of 6177485 and 5?
5
Calculate the greatest common factor of 118760 and 4040.
40
What is the highest common divisor of 472392 and 24?
24
Calculate the highest common factor of 438037 and 101.
101
Calculate the greatest common divisor of 1131 and 96483.
87
What is the highest common divisor of 691160 and 40?
40
What is the highest common divisor of 551 and 2929?
29
Calculate the greatest common divisor of 266 and 2800.
14
What is the greatest common divisor of 40832 and 1672?
88
Calculate the greatest common divisor of 228 and 1539.
57
What is the highest common divisor of 348 and 1656?
12
Calculate the greatest common divisor of 39 and 132951.
39
Calculate the greatest common divisor of 122604 and 9996.
204
What is the greatest common divisor of 17363 and 291?
97
Calculate the highest common divisor of 7678 and 1320.
22
Calculate the greatest common factor of 234420 and 380.
20
What is the highest common factor of 5724 and 4134?
318
Calculate the greatest common divisor of 13090 and 1280.
10
What is the highest common factor of 816 and 8208?
48
What is the highest common divisor of 115 and 24587?
23
What is the greatest common divisor of 408 and 3277668?
204
What is the greatest common factor of 41